{"id":737,"date":"2021-12-30T10:52:04","date_gmt":"2021-12-30T10:52:04","guid":{"rendered":"http:\/\/www.iesae.com\/wperasmus\/?page_id=737"},"modified":"2022-07-05T08:07:41","modified_gmt":"2022-07-05T08:07:41","slug":"ka120-gm","status":"publish","type":"page","link":"http:\/\/www.iesae.com\/wperasmus\/ka120-gm\/","title":{"rendered":"KA120 ACREDITACIONES VET y SCH"},"content":{"rendered":"<p>El IES Albert Einstein ha obtenido las acreditaciones KA120 para Formaci\u00f3n Profesional y Educaci\u00f3n Escolar, que tendr\u00e1n una duraci\u00f3n desde el 2021 al 2027.<\/p>\n<p><img loading=\"lazy\" src=\"http:\/\/www.iesae.com\/wperasmus\/wp-content\/uploads\/2021\/12\/KA120-GM-1024x723.png\" alt=\"\" class=\"wp-image-759  alignnone\" width=\"295\" height=\"208\" srcset=\"http:\/\/www.iesae.com\/wperasmus\/wp-content\/uploads\/2021\/12\/KA120-GM-1024x723.png 1024w, http:\/\/www.iesae.com\/wperasmus\/wp-content\/uploads\/2021\/12\/KA120-GM-300x212.png 300w, http:\/\/www.iesae.com\/wperasmus\/wp-content\/uploads\/2021\/12\/KA120-GM-768x543.png 768w, http:\/\/www.iesae.com\/wperasmus\/wp-content\/uploads\/2021\/12\/KA120-GM-1536x1085.png 1536w, http:\/\/www.iesae.com\/wperasmus\/wp-content\/uploads\/2021\/12\/KA120-GM.png 1608w\" sizes=\"(max-width: 295px) 100vw, 295px\" \/><\/p>\n","protected":false},"excerpt":{"rendered":"<p>El IES Albert Einstein ha obtenido las acreditaciones KA120 para Formaci\u00f3n Profesional y Educaci\u00f3n Escolar, que tendr\u00e1n una duraci\u00f3n desde el 2021 al 2027.<\/p>\n","protected":false},"author":1,"featured_media":0,"parent":0,"menu_order":0,"comment_status":"closed","ping_status":"closed","template":"","meta":[],"_links":{"self":[{"href":"http:\/\/www.iesae.com\/wperasmus\/wp-json\/wp\/v2\/pages\/737"}],"collection":[{"href":"http:\/\/www.iesae.com\/wperasmus\/wp-json\/wp\/v2\/pages"}],"about":[{"href":"http:\/\/www.iesae.com\/wperasmus\/wp-json\/wp\/v2\/types\/page"}],"author":[{"embeddable":true,"href":"http:\/\/www.iesae.com\/wperasmus\/wp-json\/wp\/v2\/users\/1"}],"replies":[{"embeddable":true,"href":"http:\/\/www.iesae.com\/wperasmus\/wp-json\/wp\/v2\/comments?post=737"}],"version-history":[{"count":6,"href":"http:\/\/www.iesae.com\/wperasmus\/wp-json\/wp\/v2\/pages\/737\/revisions"}],"predecessor-version":[{"id":864,"href":"http:\/\/www.iesae.com\/wperasmus\/wp-json\/wp\/v2\/pages\/737\/revisions\/864"}],"wp:attachment":[{"href":"http:\/\/www.iesae.com\/wperasmus\/wp-json\/wp\/v2\/media?parent=737"}],"curies":[{"name":"wp","href":"https:\/\/api.w.org\/{rel}","templated":true}]}}